 11?
10
What is the remainder when (3 - (-48)/2) + 0 is divided by 7?
6
Let w be (-18)/(-8) - (-2)/(-8). Suppose -2*q - w*q = -4*d - 140, -82 = -2*q + 5*d. Calculate the remainder when q is divided by 8.
7
Let d = 2 + -1. What is the remainder when d/(-3)*408/(-8) is divided by 5?
2
Let d = 9 - 2. Let r = -8 + 27. Calculate the remainder when r is divided by d.
5
Suppose j - 22 = -5*r, r + 5*j = -2*r. Calculate the remainder when r is divided by 3.
2
Let j = 25 + -23. Suppose g = j, -4*v + 3*g + g = -208. What is the remainder when v is divided by 14?
12
Suppose 1 = -3*h + y + 46, -y - 3 = 0. Let p = -2 + h. Let d(a) = a**2 + 5*a + 9. What is the remainder when d(-8) is divided by p?
9
Suppose -3*q = -2*r - 110, -4*r - 64 = -2*q - 5*r. Calculate the remainder when q is divided by 141/12 - 1/(-4).
10
Suppose 4*i + 9 = 33. Let o(k) = -k**3 + 7*k**2 - 8*k + 6. Let d be o(i). What is the remainder when 8 is divided by (d/4)/((-1)/2)?
2
Let c(m) = m + 6. Calculate the remainder when (38/8)/(2/8) is divided by c(4).
9
Let p(y) = 2*y**2 + y + 15. Calculate the remainder when 88 is divided by p(0).
13
What is the remainder when ((-2)/(-2))/(((-10)/58)/(-5)) is divided by 5?
4
Suppose -7*u = 207 - 1124. Calculate the remainder when u is divided by 19.
17
Let m(w) = w**3 - 11*w**2 + 21*w - 15. Calculate the remainder when 33 is divided by m(9).
9
Let r(j) = 4*j**2 - 6*j + 11. Let c be r(-8). What is the remainder when c/10 + 2/(-4) is divided by 17?
14
Let o = -1 + 10. Calculate the remainder when o is divided by 3.
0
Suppose 0 = 5*y - 4*o - 189, 4*y - 3*y - 35 = -2*o. Calculate the remainder when y is divided by 8.
5
Let z = 155 + -137. What is the remainder when 53 is divided by z?
17
Let w(n) = -n**2 - 8*n - 7. What is the remainder when 14 is divided by w(-5)?
6
Let j = -2 - -2. Suppose 2*s - 34 = v, j = s - v - 14 - 4. Calculate the remainder when 31 is divided by s.
15
Suppose -8*v = -3*v + 5. Let z(l) = 2*l**2 + 1. Calculate the remainder when (12/(-5))/(-3)*10 is divided by z(v).
2
Let d(v) = 4*v - 2. Let i = 3 - -1. What is the remainder when d(2) is divided by i?
2
Suppose 0 = 25*z - 35*z + 740. Suppose 9 = -4*i + i, -3*o + 60 = -i. Calculate the remainder when z is divided by o.
17
Let t = 17 + -15. Suppose -2*v - 5*r + 47 = 0, 0 = 5*r - 13 - t. What is the remainder when 29 is divided by v?
13
Let k = 9 + -15. Let n = k + 0. Let l(g) = -g - 3. Calculate the remainder when 4 is divided by l(n).
1
What is the remainder when 43 is divided by 4/(-26) + (-145)/(-13)?
10
Let j = 18 - 8. Suppose -5*x - 55 = -5*y - j*x, x = -4*y + 32. Suppose 0 = 4*n - 2*z + 3*z - 12, -z - 24 = -5*n. What is the remainder when y is divided by n?
3
Suppose 67 + 9 = 2*c. Let n = -43 - -63. Calculate the remainder when c is divided by n.
18
Suppose 4*i - 3*p - 24 = 0, -5*p + 2 + 10 = 2*i. Calculate the remainder when i is divided by 10/(-1)*2/(-5).
2
Let c = 19 + -10. Suppose 0 = -3*l + 5*l. Suppose y = -4*v - l*v + 46, c = v - y. Calculate the remainder when 20 is divided by v.
9
Suppose -13*t + 15*t = 108. What is the remainder when t is divided by 15?
9
Suppose -2*b + 10 = -2*j, 0 = 5*b + 4*j - 35 - 8. Calculate the remainder when -30*((-36)/15 + 2) is divided by b.
5
Suppose -2*p - 8 = -3*p. Suppose 0 = -3*z + 3 + 12. Suppose 68 = z*y + 2*k - 3*k, -4*y + 5*k + 46 = 0. Calculate the remainder when y is divided by p.
6
Let z(v) = -v**2 - 6*v + 3. Let n be z(-6). Suppose 2 = -3*w + 4*i - 5, 0 = -n*w - 5*i + 29. What is the remainder when 4 is divided by w?
1
Let y(h) = 20*h - 2. Let q be 1/1 + 3 + -2. Suppose 4*a + 130 = 14*a. Calculate the remainder when y(q) is divided by a.
12
Suppose 4*a = 0, 4*a - 42 = -2*u + 6. Calculate the remainder when 69 is divided by u.
21
Let d be 1*-1*0/(-4). Suppose -3*j + d*j + 45 = 0. Calculate the remainder when 44 is divided by j.
14
Let r = -23 - -63. What is the remainder when r is divided by 21?
19
Let j(n) = 10*n - 13. What is the remainder when j(4) is divided by 10 + -1*(0 + 0)?
7
Let d be (40/12)/(1/3). Let s = d + 3. Calculate the remainder when (-2)/6 - 448/(-12) is divided by s.
11
What is the remainder when 111 is divided by (-8)/(-6) + (5 - (-447)/9)?
55
Suppose 1 + 5 = 2*s, h - 5*s + 18 = 0. Calculate the remainder when 0/1 + h + 29 is divided by 9.
8
Let g(u) = 4*u - 4. Calculate the remainder when g(4) is divided by 2.
0
Calculate the remainder when 10 is divided by (3 + 36/(-15))*5.
1
Suppose 4*d - 4*w = -8, d - 2 = -4*d - w. Suppose 3*s + 5 = r - 9, d = 2*s - 3*r + 14. What is the remainder when (s - 2)/(6/(-8)) is divided by 5?
3
Suppose 9*y - 223 = 20. Let p = 5 + -7. Calculate the remainder when y is divided by -1 + 1/(p/(-22)).
7
Suppose 0 = i - 4 - 0. Suppose 0 = -u + i. Calculate the remainder when u is divided by 2.
0
Suppose -7 = -2*n + 4*u + 7, -3*u - 7 = -n. What is the remainder when n is divided by 2?
1
Suppose -3*c = 2*c - 5*z - 215, 5*c = 3*z + 219. What is the remainder when c is divided by -3 - 5*(-15)/5?
9
Let v(o) = -o + 14. Calculate the remainder when 13 is divided by v(10).
1
Let k be (-10)/3*(-15)/10. Let w = k + -3. Calculate the remainder when (w - 3)/(-2)*10 is divided by 3.
2
Let v(k) = 14*k**2 + 12*k - 6. What is the remainder when v(3) is divided by 40?
36
Suppose 3*a - a = 126. What is the remainder when a is divided by 16?
15
Let a = -30 - -66. What is the remainder when 71 is divided by a?
35
Suppose n = q + 3*n - 14, -3*q + 39 = 3*n. Suppose -2*v - 3*v = 2*d - q, 0 = -2*v - 2*d. Calculate the remainder when 7 is divided by v.
3
Let l(h) = 3*h - 23. Let w(g) = g**2 + 10*g + 11. Let a be w(-10). Calculate the remainder when l(a) is divided by 6.
4
Suppose 4*h = -3*y - 2*y + 130, 5*h - 2*y = 146. What is the remainder when h is divided by 46/6 + (-2)/(-6)?
6
Let a(h) = 2*h - 6*h**2 + 0*h + 5*h**2 + 6. Calculate the remainder when 11 is divided by a(3).
2
Let o(f) = 2*f**2 + 2*f - 9. What is the remainder when 58 is divided by o(-4)?
13
Let d(h) = -19*h**3 + h**2 + h - 1. Let l be d(1). Let z = -8 - l. Calculate the remainder when z is divided by 6.
4
Let b = 0 + 1. Let o(w) = -w**2 - 5*w + 8. What is the remainder when o(-6) is divided by b*5*2/5?
0
Let n = 20 + -13. Suppose 0 = -o + 4*a - 8, -3*o = -2*o + a + 3. Let i = o + 7. What is the remainder when n is divided by i?
1
Let g(z) = -z**2 - 9*z - 1. Calculate the remainder when 47 is divided by g(-7).
8
Suppose 7*x = -7*x + 252. What is the remainder when x is divided by 12?
6
Let l(i) = 16*i**3 - 2*i + 3. What is the remainder when l(1) is divided by 9?
8
Suppose 5*y - 56 = 3*s, 6*y + 5*s - 20 = 3*y. Suppose -23 = -t - 5*f, 5*t + 5*f = -0*f + 35. Calculate the remainder when y is divided by t.
1
Let h(c) be the second derivative of -5*c**3/6 + 2*c**2 - 7*c. Calculate the remainder when h(-7) is divided by 14.
11
Let r be -3 - 9/(-6 + 3). Suppose r = 5*k - 0*k - 75. Let i = -10 + k. What is the remainder when 8 is divided by i?
3
Let t(g) be the third derivative of -g**6/120 - 11*g**5/60 - g**4/6 + 5*g**3/3 - 2*g**2. What is the remainder when t(-11) is divided by 14?
12
Let f(u) = -u - 1. Let c be f(-3). Suppose 4*r - 5*b = 24, 3*r - c*b = -b + 18. Suppose -7*i + 12*i = 80. What is the remainder when i is divided by r?
4
Suppose 0 = -19*x + 3737 - 1134. What is the remainder when x is divided by 10?
7
Suppose 5*w = -4*u + 70, u - 3*w = 4*u - 51. What is the remainder when 57 is divided by u?
12
Suppose 4*k - 57 = -5*t, -19*t = -18*t + 5*k - 3. Let g = -21 + 29. Calculate the remainder when t is divided by g.
5
Suppose -6*v + 507 = -87. What is the remainder when v is divided by 51?
48
Let v(z) = z**2 - 2*z - 8. Let s be v(-6). Suppose 9 - s = -3*x + 4*f, -f - 46 = -5*x. What is the remainder when 26 is divided by x?
8
What is the remainder when ((-18)/15)/((-2)/5) is divided by 3?
0
Calculate the remainder when (-1)/3*(-4 - 161) is divided by 15.
10
Suppose -3*g - 5*b = 12, -5*g + b + 0 = -8. Let n = -8 - -15. Let v = n - g. Calculate the remainder when 16 is divided by v.
4
Let w be -7*-1*4/(-4). Let x(k) = k**2 + 7*k + 1. Let n(q) = -1. Let y(f) = -4*n(f) + x(f). What is the remainder when 14 is divided by y(w)?
4
Suppose -4*r = -2*o - 62, 4*r = 7*o - 2*o + 59. Suppose -5*b + 2*h = h - 46, -2*b = -4*h - 22. What is the remaind